{"id":2533,"date":"2025-10-30T08:17:45","date_gmt":"2025-10-30T07:17:45","guid":{"rendered":"https:\/\/seelenreisen-aegypten.com\/index.php\/produkt\/isis\/"},"modified":"2025-11-05T06:05:19","modified_gmt":"2025-11-05T05:05:19","slug":"isis","status":"publish","type":"product","link":"https:\/\/seelenreisen-aegypten.com\/index.php\/produkt\/isis\/","title":{"rendered":"Isis mit Blattgold &#8211; Seele der G\u00f6ttin"},"content":{"rendered":"<p>Isis von Gebelein \u2013 G\u00f6ttin der Magie und Weiblichkeit<\/p>\n<p>Diese Statue zeigt Isis, die m\u00e4chtige G\u00f6ttin der Magie, Mutterkraft und g\u00f6ttlichen Weiblichkeit, in vollendeter Anmut.<\/p>\n<p>Mit Kuhh\u00f6rnern und Sonnenscheibe auf ihrem Haupt, dem Lotuszepter und dem Anch-Zeichen in ihren H\u00e4nden verk\u00f6rpert sie Leben, Schutz und sch\u00f6pferische Energie.<\/p>\n<p>Das Original stammt aus der Zeit Amenophis\u2019 III. und wurde im Isis-Heiligtum von Gebelein gefunden \u2013 eine fr\u00fche Darstellung der Isis, noch im Erscheinungsbild der Hathor.<\/p>\n<p>Sie gilt als Unterst\u00fctzerin und Gemahlin des Osiris, deren Magie den Kreislauf von Tod und Wiedergeburt erh\u00e4lt.<\/p>\n<p>Diese Replik f\u00e4ngt den stillen Glanz der originalen Statue ein \u2013 eine Hommage an die g\u00f6ttliche Mutter und Besch\u00fctzerin, Sinnbild zeitloser Weiblichkeit und innerer St\u00e4rke.<\/p>\n<p>Jedes St\u00fcck ist ein Unikat, handgefertigt von meinem lieben Freund und Hathoren Bruder Thorsten.<\/p>\n<p>Jede Replika wird von mir pers\u00f6nlich als Portal zur Seele der G\u00f6ttin Hathor eingeweiht.<\/p>\n<p>Dieses St\u00fcck ist sofort verf\u00fcgbar. Die Wartezeit f\u00fcr ein neues Replikat betr\u00e4gt 3-4 Wochen.<\/p>\n<p>H\u00f6he: 40cm<\/p>\n","protected":false},"excerpt":{"rendered":"<p>Isis von Gebelein \u2013 G\u00f6ttin der Magie und Weiblichkeit Diese Statue zeigt Isis, die m\u00e4chtige G\u00f6ttin der Magie, Mutterkraft und g\u00f6ttlichen Weiblichkeit, in vollendeter Anmut. &hellip; <\/p>\n","protected":false},"featured_media":2529,"comment_status":"open","ping_status":"closed","template":"","meta":{"om_disable_all_campaigns":false,"_monsterinsights_skip_tracking":false,"_monsterinsights_sitenote_active":false,"_monsterinsights_sitenote_note":"","_monsterinsights_sitenote_category":0,"_uf_show_specific_survey":0,"_uf_disable_surveys":false},"product_brand":[],"product_cat":[46,55],"product_tag":[],"class_list":{"0":"post-2533","1":"product","2":"type-product","3":"status-publish","4":"has-post-thumbnail","6":"product_cat-isis","7":"product_cat-replikate","8":"latest_post","10":"first","11":"instock","12":"purchasable","13":"product-type-simple"},"aioseo_notices":[],"jetpack_sharing_enabled":true,"_links":{"self":[{"href":"https:\/\/seelenreisen-aegypten.com\/index.php\/wp-json\/wp\/v2\/product\/2533","targetHints":{"allow":["GET"]}}],"collection":[{"href":"https:\/\/seelenreisen-aegypten.com\/index.php\/wp-json\/wp\/v2\/product"}],"about":[{"href":"https:\/\/seelenreisen-aegypten.com\/index.php\/wp-json\/wp\/v2\/types\/product"}],"replies":[{"embeddable":true,"href":"https:\/\/seelenreisen-aegypten.com\/index.php\/wp-json\/wp\/v2\/comments?post=2533"}],"version-history":[{"count":4,"href":"https:\/\/seelenreisen-aegypten.com\/index.php\/wp-json\/wp\/v2\/product\/2533\/revisions"}],"predecessor-version":[{"id":2539,"href":"https:\/\/seelenreisen-aegypten.com\/index.php\/wp-json\/wp\/v2\/product\/2533\/revisions\/2539"}],"wp:featuredmedia":[{"embeddable":true,"href":"https:\/\/seelenreisen-aegypten.com\/index.php\/wp-json\/wp\/v2\/media\/2529"}],"wp:attachment":[{"href":"https:\/\/seelenreisen-aegypten.com\/index.php\/wp-json\/wp\/v2\/media?parent=2533"}],"wp:term":[{"taxonomy":"product_brand","embeddable":true,"href":"https:\/\/seelenreisen-aegypten.com\/index.php\/wp-json\/wp\/v2\/product_brand?post=2533"},{"taxonomy":"product_cat","embeddable":true,"href":"https:\/\/seelenreisen-aegypten.com\/index.php\/wp-json\/wp\/v2\/product_cat?post=2533"},{"taxonomy":"product_tag","embeddable":true,"href":"https:\/\/seelenreisen-aegypten.com\/index.php\/wp-json\/wp\/v2\/product_tag?post=2533"}],"curies":[{"name":"wp","href":"https:\/\/api.w.org\/{rel}","templated":true}]}}