{"id":1555,"date":"2025-02-21T19:16:04","date_gmt":"2025-02-21T18:16:04","guid":{"rendered":"https:\/\/seelenreisen-aegypten.com\/?post_type=product&#038;p=1555"},"modified":"2026-02-14T08:00:23","modified_gmt":"2026-02-14T07:00:23","slug":"isis-gold-regenbogen-opal-3","status":"publish","type":"product","link":"https:\/\/seelenreisen-aegypten.com\/index.php\/produkt\/isis-gold-regenbogen-opal-3\/","title":{"rendered":"Sekhmet Gold Regenbogen Opal"},"content":{"rendered":"<p>Sekhmet Kettenanh\u00e4nger Silver vergoldet Regenbogen Opal<\/p>\n<p>Die Anh\u00e4nger aus dieser Schmuckst\u00fcck Serie habe ich auf der originalen Philae Insel der Isis in Assuan einweihen d\u00fcrfen, sowie im magischen Torbogen &#8211; welches die Priester damals nutzten um von der Insel Biheh (Osiris Tempel) zum Isis Tempel zu gelangen. Der Anh\u00e4nger der Sekhmet ist das letzte St\u00fcck aus dieser Reihe.<\/p>\n<p>Nach dem Bau des Staudamms 1964 versank der Tempel der Isis auf der Insel Philae im Nil. Sp\u00e4ter wurde er auf die Nachbars Insel Agilkia \u00fcbergesiedelt. Doch die wahren Energien des Tempels, sind tief mit dem Ort verbunden! Die meiste Zeit ist die Insel nicht begehbar, aber zuletzt hatten wir das Gl\u00fcck, dass der Wasserstand niedrig genug war.<\/p>\n<p>Die G\u00f6ttin Sekhmet ist neben Isis und Hathor eine der G\u00f6ttinnen, mit denen ich mich besonders start verbunden f\u00fchle. Als L\u00f6wenk\u00f6pfige G\u00f6ttin repr\u00e4sentiert sie so viel mehr als &#8222;die G\u00f6ttin des Krieges&#8220; und der Heilung. So wie unser astrologischer Chiron tr\u00e4gt sie einen tiefen Schmerz in sich, eine Dunkelheit, wie wir sie in uns selbst finden und ins Licht transformieren k\u00f6nnen. Jeder dunkle Schatten hat das gro\u00dfe Potential zum aufstieg. So ist sie in der Dunkelheit die Schwester an deiner Seite, dich dich an dein eigenes Licht und Heilungs-Potential erinnert. Und nat\u00fcrlich, d\u00fcrfen wir ihre Kraft und St\u00e4rke, sowie ihre Wut auch bewusst in uns aktivieren um Grenzen zu setzen wo sie notwendig ist. So wie in den uralten Mythen der \u00c4gypter die G\u00f6ttin Hathor sich in Sekhmet verwandelt, so steckt Sekhmet in jeder Frau als der Archetyp der Kriegerin und Heilerin. Zwei Aspekte die sich nicht ausschlie\u00dfen m\u00fcssen, sondern Hand in Hand gelebt werden k\u00f6nnen.<\/p>\n<p>Versand: der Versand erfolgt aus Deutschland. Bitte das entsprechende Versandprofil ausw\u00e4hlen.<\/p>\n","protected":false},"excerpt":{"rendered":"<p>Sekhmet Kettenanh\u00e4nger Silver vergoldet Regenbogen Opal<\/p>\n<p>Die Anh\u00e4nger aus dieser Schmuckst\u00fcck Serie habe ich auf der originalen Philae Insel der Isis in Assuan einweihen d\u00fcrfen, sowie im magischen Torbogen &#8211; welches die Priester damals nutzten um von der Insel Biheh (Osiris Tempel) zum Isis Tempel zu gelangen.<\/p>\n<p>Versand: der Versand erfolgt aus Deutschland. Bitte das entsprechende Versandprofil ausw\u00e4hlen.<\/p>\n","protected":false},"featured_media":1541,"comment_status":"open","ping_status":"closed","template":"","meta":{"om_disable_all_campaigns":false,"_monsterinsights_skip_tracking":false,"_monsterinsights_sitenote_active":false,"_monsterinsights_sitenote_note":"","_monsterinsights_sitenote_category":0,"_uf_show_specific_survey":0,"_uf_disable_surveys":false},"product_brand":[],"product_cat":[46,48],"product_tag":[],"class_list":{"0":"post-1555","1":"product","2":"type-product","3":"status-publish","4":"has-post-thumbnail","6":"product_cat-isis","7":"product_cat-sekhmet","8":"latest_post","10":"first","11":"outofstock","12":"sale","13":"purchasable","14":"product-type-simple"},"aioseo_notices":[],"jetpack_sharing_enabled":true,"_links":{"self":[{"href":"https:\/\/seelenreisen-aegypten.com\/index.php\/wp-json\/wp\/v2\/product\/1555","targetHints":{"allow":["GET"]}}],"collection":[{"href":"https:\/\/seelenreisen-aegypten.com\/index.php\/wp-json\/wp\/v2\/product"}],"about":[{"href":"https:\/\/seelenreisen-aegypten.com\/index.php\/wp-json\/wp\/v2\/types\/product"}],"replies":[{"embeddable":true,"href":"https:\/\/seelenreisen-aegypten.com\/index.php\/wp-json\/wp\/v2\/comments?post=1555"}],"version-history":[{"count":4,"href":"https:\/\/seelenreisen-aegypten.com\/index.php\/wp-json\/wp\/v2\/product\/1555\/revisions"}],"predecessor-version":[{"id":2469,"href":"https:\/\/seelenreisen-aegypten.com\/index.php\/wp-json\/wp\/v2\/product\/1555\/revisions\/2469"}],"wp:featuredmedia":[{"embeddable":true,"href":"https:\/\/seelenreisen-aegypten.com\/index.php\/wp-json\/wp\/v2\/media\/1541"}],"wp:attachment":[{"href":"https:\/\/seelenreisen-aegypten.com\/index.php\/wp-json\/wp\/v2\/media?parent=1555"}],"wp:term":[{"taxonomy":"product_brand","embeddable":true,"href":"https:\/\/seelenreisen-aegypten.com\/index.php\/wp-json\/wp\/v2\/product_brand?post=1555"},{"taxonomy":"product_cat","embeddable":true,"href":"https:\/\/seelenreisen-aegypten.com\/index.php\/wp-json\/wp\/v2\/product_cat?post=1555"},{"taxonomy":"product_tag","embeddable":true,"href":"https:\/\/seelenreisen-aegypten.com\/index.php\/wp-json\/wp\/v2\/product_tag?post=1555"}],"curies":[{"name":"wp","href":"https:\/\/api.w.org\/{rel}","templated":true}]}}