{"id":1547,"date":"2025-02-21T18:54:08","date_gmt":"2025-02-21T17:54:08","guid":{"rendered":"https:\/\/seelenreisen-aegypten.com\/?post_type=product&#038;p=1547"},"modified":"2025-10-29T16:18:43","modified_gmt":"2025-10-29T15:18:43","slug":"isis-gold-regenbogen-opal-2-2","status":"publish","type":"product","link":"https:\/\/seelenreisen-aegypten.com\/index.php\/produkt\/isis-gold-regenbogen-opal-2-2\/","title":{"rendered":"Isis Gold Opal Rosa"},"content":{"rendered":"<p>Isis Kettenanh\u00e4nger Silber, vergoldet mit Rosa Opal.<\/p>\n<p>Isis stehend dargestellt mit den besch\u00fctzenden Falken Fl\u00fcgeln, Silber vergoldet mit Rosa Opal.<\/p>\n<p>Verbinde dich mit diesem Kettenanh\u00e4nger mit den Energien der uralten Mysterien der Isis. Sie wird dich durch eine tiefgehende Transformation f\u00fchren, an dessen Ende du deiner wahren Seelen-Essenz gegen\u00fcber stehst.<\/p>\n<p>Isis gilt als die G\u00f6ttin der Mystik und Magie. Als ihr Gemahl Osiris von Seth get\u00f6tet wurde, machte sie sich auf die verschollenen Teile seines Leichnams zu finden. Diese Mysterien-Reise entlang des Nils, war f\u00fcr Isis ihre Einweihungsreise zur Verk\u00f6rperung ihrer Seelen-Essenz auf Erden. Sie endete damit, dass sie Osiris mit der Hilfe ihrer Schwester Nephtys kurzweilig von den Toten zur\u00fcck holte, um in Form eines schwarzen Milans ihren gemeinsamen Sohn Horus zu empfangen. So wandelte sich Isis von der mystischen K\u00f6nigin und Magierin in die gro\u00dfe Mutter (Vergleich Maria und Jesus).<\/p>\n<p>2021 folgte ich den Fu\u00dfstapfen der Isis durch \u00c4gypten und begab mich auf meine eigene Mysterien-Reise entlang des Nils, auch ich durfte mich von der Mystikerin und Magierin hin zur Mutter transformieren und wandeln.<\/p>\n<p>Versand: der Versand erfolgt aus \u00c4gypten. Bitte das entsprechende Versand-Profil ausw\u00e4hlen.<\/p>\n<p>&nbsp;<\/p>\n","protected":false},"excerpt":{"rendered":"<p>Isis stehend dargestellt mit den besch\u00fctzenden Falken Fl\u00fcgeln, Silber vergoldet mit Rosa Opal.<\/p>\n<p>Verbinde dich mit diesem Kettenanh\u00e4nger mit den Energien der uralten Mysterien der Isis. Sie wird dich durch eine tiefgehende Transformation f\u00fchren, an dessen Ende du deiner wahren Seelen-Essenz gegen\u00fcber stehst.<\/p>\n<p>Versand: der Versand erfolgt aus \u00c4gypten. Bitte das entsprechende Versand-Profil ausw\u00e4hlen.<\/p>\n","protected":false},"featured_media":2493,"comment_status":"open","ping_status":"closed","template":"","meta":{"om_disable_all_campaigns":false,"_monsterinsights_skip_tracking":false,"_monsterinsights_sitenote_active":false,"_monsterinsights_sitenote_note":"","_monsterinsights_sitenote_category":0,"_uf_show_specific_survey":0,"_uf_disable_surveys":false},"product_brand":[],"product_cat":[46],"product_tag":[],"class_list":{"0":"post-1547","1":"product","2":"type-product","3":"status-publish","4":"has-post-thumbnail","6":"product_cat-isis","7":"product_shipping_class-aegypten","8":"latest_post","10":"first","11":"instock","12":"purchasable","13":"product-type-simple"},"aioseo_notices":[],"jetpack_sharing_enabled":true,"_links":{"self":[{"href":"https:\/\/seelenreisen-aegypten.com\/index.php\/wp-json\/wp\/v2\/product\/1547","targetHints":{"allow":["GET"]}}],"collection":[{"href":"https:\/\/seelenreisen-aegypten.com\/index.php\/wp-json\/wp\/v2\/product"}],"about":[{"href":"https:\/\/seelenreisen-aegypten.com\/index.php\/wp-json\/wp\/v2\/types\/product"}],"replies":[{"embeddable":true,"href":"https:\/\/seelenreisen-aegypten.com\/index.php\/wp-json\/wp\/v2\/comments?post=1547"}],"version-history":[{"count":5,"href":"https:\/\/seelenreisen-aegypten.com\/index.php\/wp-json\/wp\/v2\/product\/1547\/revisions"}],"predecessor-version":[{"id":2518,"href":"https:\/\/seelenreisen-aegypten.com\/index.php\/wp-json\/wp\/v2\/product\/1547\/revisions\/2518"}],"wp:featuredmedia":[{"embeddable":true,"href":"https:\/\/seelenreisen-aegypten.com\/index.php\/wp-json\/wp\/v2\/media\/2493"}],"wp:attachment":[{"href":"https:\/\/seelenreisen-aegypten.com\/index.php\/wp-json\/wp\/v2\/media?parent=1547"}],"wp:term":[{"taxonomy":"product_brand","embeddable":true,"href":"https:\/\/seelenreisen-aegypten.com\/index.php\/wp-json\/wp\/v2\/product_brand?post=1547"},{"taxonomy":"product_cat","embeddable":true,"href":"https:\/\/seelenreisen-aegypten.com\/index.php\/wp-json\/wp\/v2\/product_cat?post=1547"},{"taxonomy":"product_tag","embeddable":true,"href":"https:\/\/seelenreisen-aegypten.com\/index.php\/wp-json\/wp\/v2\/product_tag?post=1547"}],"curies":[{"name":"wp","href":"https:\/\/api.w.org\/{rel}","templated":true}]}}