{"id":1144,"date":"2024-12-16T10:29:44","date_gmt":"2024-12-16T09:29:44","guid":{"rendered":"https:\/\/seelenreisen-aegypten.com\/?post_type=product&#038;p=1144"},"modified":"2026-02-23T21:17:58","modified_gmt":"2026-02-23T20:17:58","slug":"anhaenger-isis","status":"publish","type":"product","link":"https:\/\/seelenreisen-aegypten.com\/index.php\/produkt\/anhaenger-isis\/","title":{"rendered":"Anh\u00e4nger Isis mit Fl\u00fcgeln"},"content":{"rendered":"<p>Wundersch\u00f6ner Anh\u00e4nger aus Kupfer. Darstellung zeigt die G\u00f6ttin Isis, die Falken Fl\u00fcgel als Zeichen des Schutzes ausgebreitet.<\/p>\n<p>Die Isis-Kollektion habe ich in einem meiner liebsten und kraftvollsten Orte in \u00c4gypten eingeweiht und mit den dortigen Energien aufgeladen: dem Geburtshaus der Isis im Tempel der Hathor in Dendera. Dieser Ort feiert nicht nur die Geburt der Isis selbst, sondern ist auch zeitgleich Portal zum Urscho\u00df der gro\u00dfen Mutter G\u00f6ttin Sophia. Mit diesen Energien verbindest Du dich also nicht nur mit Isis, sondern mit der Mutter allen Lebens. Lass dich von ihr auf deinem eigenen Mysterienweg unterst\u00fctzen und halt geben, wenn die (Geburts-)Wellen der Transformation Deine Schale brechen und die Wiedergeburt deiner Seelen-Essenz einleiten.<\/p>\n<p>Isis gilt als die G\u00f6ttin der Mystik und Magie. Als ihr Gemahl Osiris von Seth get\u00f6tet wurde, machte sie sich auf die verschollenen Teile seines Leichnams zu finden. Diese Mysterien-Reise entlang des Nils, war f\u00fcr Isis ihre Einweihungsreise zur Verk\u00f6rperung ihrer Seelen-Essenz auf Erden. Sie endete damit, dass sie Osiris mit der Hilfe ihrer Schwester Nephtys kurzweilig von den Toten zur\u00fcck holte, um in Form eines schwarzen Milans ihren gemeinsamen Sohn Horus zu emfangen. So wandelte sich Isis von der mystischen K\u00f6nigin und Magierin in die gro\u00dfe Mutter (Vergleich Maria und Jesus).<\/p>\n<p>2021 folgte ich den Fu\u00dfstapfen der Isis durch \u00c4gypten und begab mich auf meine eigene Mysterien-Reise entlang des Nils, auch ich durfte mich von der Mytikerin und Magierin hin zur Mutter transformieren und wandeln.<\/p>\n","protected":false},"excerpt":{"rendered":"<p>Ketten Anh\u00e4nger, G\u00f6ttin Isis, Kupfer<\/p>\n<p>Darstellung zeigt die G\u00f6ttin Isis, die Falken Fl\u00fcgel als Zeichen des Schutzes ausgebreitet. Die Isis-Kollektion habe ich in einem meiner liebsten und kraftvollsten Orte in \u00c4gypten eingeweiht und mit den dortigen Energien aufgeladen: dem Geburtshaus der Isis im Tempel der Hathor in Dendera<\/p>\n","protected":false},"featured_media":1097,"comment_status":"open","ping_status":"closed","template":"","meta":{"om_disable_all_campaigns":false,"_monsterinsights_skip_tracking":false,"_monsterinsights_sitenote_active":false,"_monsterinsights_sitenote_note":"","_monsterinsights_sitenote_category":0,"_uf_show_specific_survey":0,"_uf_disable_surveys":false},"product_brand":[],"product_cat":[46],"product_tag":[40,38,41],"class_list":{"0":"post-1144","1":"product","2":"type-product","3":"status-publish","4":"has-post-thumbnail","6":"product_cat-isis","7":"product_tag-ancient-egypt","8":"product_tag-isis","9":"product_tag-priestess","10":"latest_post","12":"first","13":"outofstock","14":"sale","15":"sold-individually","16":"purchasable","17":"product-type-simple"},"aioseo_notices":[],"jetpack_sharing_enabled":true,"_links":{"self":[{"href":"https:\/\/seelenreisen-aegypten.com\/index.php\/wp-json\/wp\/v2\/product\/1144","targetHints":{"allow":["GET"]}}],"collection":[{"href":"https:\/\/seelenreisen-aegypten.com\/index.php\/wp-json\/wp\/v2\/product"}],"about":[{"href":"https:\/\/seelenreisen-aegypten.com\/index.php\/wp-json\/wp\/v2\/types\/product"}],"replies":[{"embeddable":true,"href":"https:\/\/seelenreisen-aegypten.com\/index.php\/wp-json\/wp\/v2\/comments?post=1144"}],"version-history":[{"count":0,"href":"https:\/\/seelenreisen-aegypten.com\/index.php\/wp-json\/wp\/v2\/product\/1144\/revisions"}],"wp:featuredmedia":[{"embeddable":true,"href":"https:\/\/seelenreisen-aegypten.com\/index.php\/wp-json\/wp\/v2\/media\/1097"}],"wp:attachment":[{"href":"https:\/\/seelenreisen-aegypten.com\/index.php\/wp-json\/wp\/v2\/media?parent=1144"}],"wp:term":[{"taxonomy":"product_brand","embeddable":true,"href":"https:\/\/seelenreisen-aegypten.com\/index.php\/wp-json\/wp\/v2\/product_brand?post=1144"},{"taxonomy":"product_cat","embeddable":true,"href":"https:\/\/seelenreisen-aegypten.com\/index.php\/wp-json\/wp\/v2\/product_cat?post=1144"},{"taxonomy":"product_tag","embeddable":true,"href":"https:\/\/seelenreisen-aegypten.com\/index.php\/wp-json\/wp\/v2\/product_tag?post=1144"}],"curies":[{"name":"wp","href":"https:\/\/api.w.org\/{rel}","templated":true}]}}